 remainder when 38 is divided by 38.
0
Calculate the remainder when 44 is divided by 21.
2
Calculate the remainder when 48 is divided by 34.
14
Calculate the remainder when 2310 is divided by 116.
106
What is the remainder when 2170 is divided by 167?
166
What is the remainder when 2884 is divided by 39?
37
What is the remainder when 559 is divided by 35?
34
Calculate the remainder when 24 is divided by 14.
10
Calculate the remainder when 193 is divided by 66.
61
What is the remainder when 356 is divided by 160?
36
Calculate the remainder when 305 is divided by 45.
35
What is the remainder when 377 is divided by 188?
1
What is the remainder when 58 is divided by 14?
2
What is the remainder when 508 is divided by 185?
138
Calculate the remainder when 113 is divided by 29.
26
What is the remainder when 1633 is divided by 207?
184
What is the remainder when 919 is divided by 225?
19
What is the remainder when 1739 is divided by 144?
11
What is the remainder when 440 is divided by 26?
24
Calculate the remainder when 700 is divided by 78.
76
Calculate the remainder when 1749 is divided by 578.
15
Calculate the remainder when 115 is divided by 17.
13
Calculate the remainder when 324 is divided by 68.
52
Calculate the remainder when 29859 is divided by 54.
51
Calculate the remainder when 341 is divided by 33.
11
What is the remainder when 27 is divided by 19?
8
Calculate the remainder when 618 is divided by 89.
84
Calculate the remainder when 384 is divided by 43.
40
Calculate the remainder when 270 is divided by 46.
40
Calculate the remainder when 84 is divided by 43.
41
Calculate the remainder when 215 is divided by 54.
53
What is the remainder when 44 is divided by 5?
4
What is the remainder when 135 is divided by 39?
18
Calculate the remainder when 103 is divided by 40.
23
Calculate the remainder when 368 is divided by 123.
122
Calculate the remainder when 197 is divided by 22.
21
Calculate the remainder when 130 is divided by 82.
48
What is the remainder when 122 is divided by 42?
38
Calculate the remainder when 26 is divided by 21.
5
What is the remainder when 1162 is divided by 106?
102
What is the remainder when 380 is divided by 117?
29
What is the remainder when 206 is divided by 16?
14
What is the remainder when 1962 is divided by 123?
117
What is the remainder when 338 is divided by 10?
8
What is the remainder when 256 is divided by 249?
7
What is the remainder when 199 is divided by 51?
46
Calculate the remainder when 1073 is divided by 11.
6
Calculate the remainder when 966 is divided by 38.
16
What is the remainder when 7881 is divided by 2623?
12
Calculate the remainder when 76 is divided by 26.
24
Calculate the remainder when 559 is divided by 142.
133
What is the remainder when 93 is divided by 88?
5
Calculate the remainder when 726 is divided by 150.
126
Calculate the remainder when 1708 is divided by 555.
43
Calculate the remainder when 148 is divided by 35.
8
What is the remainder when 226 is divided by 12?
10
Calculate the remainder when 129 is divided by 26.
25
Calculate the remainder when 55 is divided by 6.
1
Calculate the remainder when 318 is divided by 269.
49
What is the remainder when 2671 is divided by 12?
7
Calculate the remainder when 73 is divided by 15.
13
What is the remainder when 114 is divided by 31?
21
Calculate the remainder when 68878 is divided by 70.
68
Calculate the remainder when 957 is divided by 8.
5
Calculate the remainder when 360 is divided by 32.
8
What is the remainder when 212 is divided by 43?
40
What is the remainder when 88 is divided by 13?
10
Calculate the remainder when 47 is divided by 8.
7
What is the remainder when 648 is divided by 21?
18
What is the remainder when 331 is divided by 21?
16
Calculate the remainder when 38 is divided by 11.
5
Calculate the remainder when 10846 is divided by 50.
46
Calculate the remainder when 311 is divided by 8.
7
Calculate the remainder when 2710 is divided by 118.
114
What is the remainder when 74 is divided by 22?
8
What is the remainder when 1737 is divided by 83?
77
What is the remainder when 118 is divided by 63?
55
What is the remainder when 367 is divided by 173?
21
What is the remainder when 849 is divided by 14?
9
Calculate the remainder when 154 is divided by 39.
37
Calculate the remainder when 289 is divided by 8.
1
Calculate the remainder when 1689 is divided by 56.
9
Calculate the remainder when 298 is divided by 79.
61
What is the remainder when 3457 is divided by 54?
1
Calculate the remainder when 569 is divided by 102.
59
What is the remainder when 753 is divided by 13?
12
What is the remainder when 691 is divided by 218?
37
Calculate the remainder when 1198 is divided by 5.
3
What is the remainder when 1759 is divided by 17?
8
Calculate the remainder when 527 is divided by 66.
65
What is the remainder when 554 is divided by 137?
6
What is the remainder when 1775 is divided by 89?
84
What is the remainder when 989 is divided by 15?
14
What is the remainder when 32 is divided by 30?
2
Calculate the remainder when 279 is divided by 35.
34
Calculate the remainder when 64 is divided by 17.
13
What is the remainder when 552 is divided by 251?
50
Calculate the remainder when 51 is divided by 3.
0
What is the remainder when 372 is divided by 96?
84
What is the remainder when 1774 is divided by 37?
35
Calculate the remainder when 452 is divided by 172.
108
Calculate the remainder when 76 is divided by 8.
4
Calculate the remainder when 245 is divided by 133.
112
What is the remainder when 74 is divided by 34?
6
What is the remainder when 2728 is divided by 902?
22
Calculate the remainder when 276 is divided by 84.
24
Calculate the remainder when 156 is divided by 59.
38
Calculate the remainder when 157 is divided by 52.
1
Calculate the remainder when 7772 is divided by 36.
32
Calculate the remainder when 999 is divided by 20.
19
What is the remainder when 137 is divided by 35?
32
Calculate the remainder when 442 is divided by 12.
10
What is the remainder when 346 is divided by 68?
6
Calculate the remainder when 976 is divided by 241.
12
Calculate the remainder when 364 is divided by 176.
12
Calculate the remainder when 537 is divided by 54.
51
Calculate the remainder when 848 is divided by 14.
8
What is the remainder when 495 is divided by 162?
9
What is the remainder when 1646 is divided by 48?
14
Calculate the remainder when 222 is divided by 96.
30
Calculate the remainder when 16599 is divided by 83.
82
What is the remainder when 99 is divided by 10?
9
Calculate the remainder when 23757 is divided by 11.
8
What is the remainder when 4282 is divided by 119?
117
Calculate the remainder when 620 is divided by 19.
12
What is the remainder when 2923 is divided by 39?
37
What is the remainder when 65 is divided by 28?
9
Calculate the remainder when 117 is divided by 95.
22
What is the remainder when 4028 is divided by 168?
164
Calculate the remainder when 30 is divided by 8.
6
Calculate the remainder when 1664 is divided by 49.
47
Calculate the remainder when 641 is divided by 213.
2
Calculate the remainder when 1173 is divided by 24.
21
Calculate the remainder when 152 is divided by 11.
9
What is the remainder when 964 is divided by 21?
19
What is the remainder when 1104 is divided by 157?
5
What is the remainder when 1122 is divided by 45?
42
Calculate the remainder when 382 is divided by 11.
8
What is the remainder when 42 is divided by 29?
13
Calculate the remainder when 87 is divided by 44.
43
Calculate the remainder when 5275 is divided by 48.
43
Calculate the remainder when 674 is divided by 179.
137
Calculate the remainder when 719 is divided by 36.
35
What is the remainder when 48 is divided by 10?
8
Calculate the remainder when 270 is divided by 68.
66
Calculate the remainder when 437 is divided by 22.
19
Calculate the remainder when 331 is divided by 90.
61
What is the remainder when 2493 is divided by 363?
315
What is the remainder when 365 is divided by 113?
26
Calculate the remainder when 663 is divided by 12.
3
What is the remainder when 2290 is divided by 27?
22
What is the remainder when 242 is divided by 13?
8
Calculate the remainder when 1978 is divided by 98.
18
What is the remainder when 170 is divided by 70?
30
Calculate th